tors of v?
3, 149
Let i = -35 - -39. Let y be (i/(-2))/((-20)/50). Suppose -8*p + 237 = -y*p. List the prime factors of p.
79
Let v(g) = 7*g**2 - 18*g - 10. Let f(d) = 6*d - 121*d**2 + 12 - 3*d**3 + 2*d**3 + 127*d**2. Let k be f(7). List the prime factors of v(k).
3, 5
Let x be (-768 - (-12)/3)/(-2). Let k = x - -188. List the prime factors of k.
2, 3, 5, 19
Suppose 0 = 6*f - 9*f - 2*h + 82755, 4*h - 110344 = -4*f. What are the prime factors of f?
27583
Let x(q) = 728*q**2 - 33*q - 158. What are the prime factors of x(-5)?
3, 7, 17
Let u be (8 - 0)*3/8. Let p(j) = -15*j**3 - 2*j - 2 + 3 + 87*j**u. What are the prime factors of p(1)?
71
Suppose -3*i - 4*j + 3736 = -8, 0 = 2*j - 6. Suppose -607 = -2*t - p, -8*t + i = -4*t - 4*p. What are the prime factors of t?
2, 3, 17
Let s(m) = 11 + 2 - 13 + 2*m. Let q be s(4). Suppose -q*b + 712 = -4*b. List the prime factors of b.
2, 89
Suppose -34*h - 32786077 = -282*h - 12385845. List the prime factors of h.
43, 1913
Let b(v) = -39*v - 29. Let q be b(-14). Suppose -5*l = -q - 1043. Suppose 3*p - l = -p. List the prime factors of p.
2, 3, 13
Let o be 351 + 2 + 12*13/52. Let s = 2032 - o. List the prime factors of s.
2, 419
Let a = -164 - -170. Let m(o) = 11*o**2 + 12*o - 32. List the prime factors of m(a).
2, 109
Suppose -79*l + 58*l + 13293 = 0. Let k = -397 + l. What are the prime factors of k?
2, 59
Suppose -11888 = -5*a + 2*d, 0 = -6*a + 9*a - 3*d - 7140. List the prime factors of a.
2, 3, 11
List the prime factors of ((-260)/208)/((-6)/73896).
5, 3079
Let c = -3164 + 37306. What are the prime factors of c?
2, 43, 397
Let v(i) = -i**3 - 34*i**2 + 40*i + 66. Let w be (34/4 + -9)/((-1)/(-72)). What are the prime factors of v(w)?
2, 3, 7, 29
Suppose 17*k + 435 = 12*k. List the prime factors of 386 - ((-17)/5 + k/145).
2, 3, 5, 13
Suppose -3*q - 39*q = 252. What are the prime factors of 405/(-12)*112/q?
2, 3, 5, 7
Suppose -3 = -3*d, 0 = 58*v - 57*v + 4*d - 134. What are the prime factors of v?
2, 5, 13
Suppose 0 = -4*y + 2*c + 297218, -2*c + 378317 = 7*y - 141842. What are the prime factors of y?
3, 17, 31, 47
Suppose 76152 = -701*n + 707*n. Suppose 16*j - n = 16604. List the prime factors of j.
1831
Let l(m) = 3*m + 26. Suppose -u - 43 = -2*u - 4*t, -4*u + t + 223 = 0. Suppose -5*o - 2*v + u = 0, -5*o + 25 = -v - 3*v. What are the prime factors of l(o)?
53
Let l = 122 + -14. Suppose -6*w + 2*w = 16, -l = -2*i - 3*w. What are the prime factors of i?
2, 3, 5
Let m = -374 - -380. Suppose -m*w + 7160 = -w. List the prime factors of w.
2, 179
Let r(o) = -2*o + 7. Let c be r(2). What are the prime factors of 15/c - (-3 - -6) - -91?
3, 31
Let g(y) = -593*y + 92. Let f be g(-18). Suppose -21*l + f = 854. What are the prime factors of l?
2, 59
Let s(r) = r + 8. Let k be s(-8). Let y(g) = -18*g + 8. Let h be y(-2). List the prime factors of k - 0 - h*-4.
2, 11
Suppose -3*x - 5*m + 79909 = 0, m + 27014 - 399 = x. List the prime factors of x.
79, 337
Suppose 0 = 13*d - 15*d - 7932. Let y = d - -7206. Suppose 20*p - y = 5*p. What are the prime factors of p?
2, 3
Let w(r) = r**2 + 11*r + 12. Let j be w(-7). Let q be (j - 29)*(-1 + 0). Suppose d + 19 = -5*l, q = 5*d - 0*d - 3*l. What are the prime factors of d?
2, 3
List the prime factors of (4 + 1425/(-2))/((-11)/(-12) + -1).
2, 3, 13, 109
Let a = -505 - 22. Let s = 918 + a. What are the prime factors of s?
17, 23
Suppose -35*d - 7160 = -27*d. Let r = -554 - d. List the prime factors of r.
11, 31
Suppose 30814 = 5*r + 2*q, -23*r = -24*r - q + 6161. List the prime factors of r.
2, 23, 67
Suppose 48*y + 251100 = 108*y + 64*y. What are the prime factors of y?
3, 5
Let n(b) = 83*b**3 - 4*b + 3. Let k be (4 - (6 - 3)) + 0. Let v be n(k). What are the prime factors of v + (3 - (9 - 3))?
79
Let s be (-1 - 26)*((-184)/12 + -2). Suppose -9*p = -s - 666. Let k = 271 - p. What are the prime factors of k?
5, 29
Suppose 3*x + 4*n - 623 = -200, 4*x - 2*n - 586 = 0. Suppose -7*i + x = -835. What are the prime factors of i?
2, 5, 7
List the prime factors of (-724)/3982 - 324196/(-22).
2, 3, 307
Let f = 11 + -8. Suppose -74 = -5*h + 3*m + 171, -m + 265 = 5*h. Suppose -h = f*j - 175. List the prime factors of j.
41
Suppose 0 = 2*y + 5*o - 31, 3*o = -4*y - 0*o + 27. Let m(i) = 18*i**3 + 7*i + 4. What are the prime factors of m(y)?
7, 73
Let k = -536 + 629. Let x = k - -128. List the prime factors of x.
13, 17
Suppose 3*n + l - 299 = 452, -245 = -n - 3*l. Suppose 3*o + 3*c - 343 = n, 4*c + 4 = 0. What are the prime factors of o?
199
Let j(r) = 35*r**3 + 7*r**2 - 19*r + 32. What are the prime factors of j(5)?
7, 641
Suppose -k = -2*x + 34386, 656*x - 651*x = k + 85968. List the prime factors of x.
2, 8597
Suppose -12*r + 111398 = -146089 - 17073. List the prime factors of r.
2, 5, 11, 13
Let j(c) be the second derivative of 0 - 19/6*c**3 - 9*c**2 + c. What are the prime factors of j(-5)?
7, 11
Suppose 3*u = 2*v - 22853, 11*v - 15*v + 2*u = -45718. What are the prime factors of v?
7, 23, 71
Let p = 18 - 108. Let n(a) = -5*a**3 - 2*a**2 + 2. Let i be n(3). Let x = p - i. List the prime factors of x.
61
Suppose 22*k - 1911403 + 567736 = -17*k. List the prime factors of k.
131, 263
Suppose -3*t + 187 = -2*f, -3*t - t = f + 99. Let h = 56 + f. Let k = 70 + h. List the prime factors of k.
31
Let q(i) = -3*i - 37. Let z be q(-17). Let x(c) = 2*c - 23. Let p be x(z). Suppose -3*l + k + 91 = -189, -20 = p*k. What are the prime factors of l?
2, 23
Suppose 0 = -42*a + 858331 + 388820 + 2302815. List the prime factors of a.
84523
Let m(w) = 2*w**3 + 37*w**2 + 12*w + 29. Let k(t) = -5*t**2 - 70*t - 18. Let b be k(-14). What are the prime factors of m(b)?
137
Let v(j) be the third derivative of -23*j**4/24 - 11*j**3/2 + 22*j**2 + 2*j. What are the prime factors of v(-11)?
2, 5, 11
Let q(y) = 83*y**2 + 46*y - 80. List the prime factors of q(7).
31, 139
Suppose -1756 - 4112 = -4*z. Suppose 0 = -2*o + 3*s - s - 734, 4*o = 5*s - z. Let f = o - -632. List the prime factors of f.
2, 3, 11
Let z be (12/6)/((-2)/(-51)). What are the prime factors of z/(-85) - 3043/(-5)?
2, 19
Let z = -28 + 33. Suppose 2*u + 4*r - 2*r = 78, 2*r + 230 = z*u. Let k = u + 14. What are the prime factors of k?
2, 29
Let a(z) = 2481*z**2 - z + 3. Let d be a(1). What are the prime factors of ((3 - 2) + 0)/(13/d)?
191
Let n(q) = -q**3 - 12*q**2 - 10*q - 16. Let s be n(-12). Let h be (s/(-20) + 2)/((-4)/(-90)). What are the prime factors of (-2)/(-12) + 84/h + 54?
53
Let r(g) = -g + 162. List the prime factors of r(-36).
2, 3, 11
Suppose 5*r = -12*r + 87244. Suppose 10*d = r - 282. List the prime factors of d.
5, 97
Suppose 7*p + 3*b - 87421 + 33451 = 0, -7720 = -p + b. List the prime factors of p.
3, 857
Let s(n) = -n**2 - 26*n + 59. Let u be s(-28). Suppose 3*q - 5*y = 158 + 348, -u*q = 4*y - 524. List the prime factors of q.
2, 43
Let r(w) = 196 + 2*w + 13 + 26 - 16*w. What are the prime factors of r(-8)?
347
Suppose -15*j + 11372 + 87525 = 1862. What are the prime factors of j?
6469
Let c = 112 - 97. Let n = c - 11. Suppose 408 = 3*x + 3*m, -5*x + 0*m + 680 = -n*m. What are the prime factors of x?
2, 17
Let c(g) = -79*g - 2. Let s be c(2). Suppose 5*k - r = 1352, 3*r - 551 = -3*k + k. Let v = k + s. What are the prime factors of v?
3, 37
Let j be 18/5*50/4. Suppose 5*m + 385 = 5*r, j = r - 2*m - 28. What are the prime factors of r?
3
Let n be -5*(-4)/60*-2*3. Let b be ((-1)/n)/((35/112)/(-5)). List the prime factors of (4 - 676/b)*2.
3, 59
Let v(c) = 4*c + 37. Let u be v(-8). Suppose -t - 3*a = 3*t - 368, -a = u*t - 449. List the prime factors of t.
89
Suppose -7*q - 148328 = -4*g - 11*q, -3*g - 5*q = -111242. What are the prime factors of g?
2, 73, 127
Suppose -358*a + 13523872 = 907842 - 869830. List the prime factors of a.
2, 5, 3767
Suppose -91 = -4*k - 919. Let y = 72 - k. What are the prime factors of y?
3, 31
Let o be -12*2/(-24)*3. List the prime factors of 246*3*o/2.
3, 41
Suppose -3*k = -2*f - 1610, -f = -5*k - 5*f + 2720. Let r(x) = -9*x**3 - 3*x**2 - 2*x + 3. Let b be r(3). Let c = k + b. What are the prime factors of c?
3, 89
Let s(c) = c**3 - 18*c**2 + 37*c + 13. Suppose -3 - 125 = -8*v. List the prime factors of s(v).
3, 31
Suppose 0 = -7*s - 17292 - 30973. List the prime factors of (6/(-8) - -1) + s/(-20).
3, 5, 